*a - 5*a + 58344. What is the units digit of a?
3
Suppose 5*t + l = 4*l - 669, 3*t + 399 = 3*l. Let s = 2 - t. Let p = -90 + s. What is the tens digit of p?
4
Suppose -4*d + 11952 = -20*d. Let k = d + 1711. What is the hundreds digit of k?
9
Let r be 6 + -6 + 43*(-534)/(-3). Suppose -48*f = -r - 9194. What is the tens digit of f?
5
Suppose 11*j - 6748 = -g + 14*j, g - 6728 = -2*j. What is the hundreds digit of g?
7
Let l = 157 - 156. Suppose -3*r + 24 - 3 = 3*y, 0 = 4*y - 3*r. What is the tens digit of 92/(l - 0) + y?
9
Suppose -4*m + 32 = -4*t, -2*m + 3 = -3*t - 14. Let v(o) = o**2 + 31*o + 134. Let k be v(-26). Suppose -345 = -m*c + k*c. What is the tens digit of c?
1
Let u be 3999/817 - (-2)/19. Suppose -3*c + 2313 = -2*d, -c + 4*d = -u*c + 3084. What is the units digit of c?
1
Let a(t) = 617*t + 340. What is the thousands digit of a(13)?
8
Suppose -4*z - 5*f + 37 = -0*f, -2*z - 2*f = -18. Suppose 165 = -z*b + 445. Let x = b - 26. What is the units digit of x?
9
Let j = -9027 - -23001. What is the hundreds digit of j?
9
Let h = 117 - 117. Let g = 49 + -27. Suppose 23*z - g*z - 4 = h. What is the units digit of z?
4
Suppose 6755 = 31*h - 3568. Suppose -4*l + h + 1060 = 3*z, -702 = -2*l + 4*z. What is the hundreds digit of l?
3
Let l be 1 - (4 - (9 - 1)). Suppose l*p = -0*p + 15. Suppose 4*f - 190 = 2*j, -f = -p*f - j + 85. What is the tens digit of f?
4
Suppose -33370 = -5*m + 3*u, -2*u = -2*m - 3*m + 33375. What is the units digit of m?
7
Let z be (4/(-6))/((-2)/3). Let f = -9445 - -9484. What is the tens digit of 7735/f + z/(-3)?
9
Let k be (-2)/(-8) + 11/4. Let i be 1*(3 - 3 - k - -8). Suppose -4*t + 0*n = -i*n - 54, -30 = -2*t + n. What is the tens digit of t?
1
Let z be -4*(-1*1 + 1341/18). What is the tens digit of (-18)/(-27)*z/(-4)?
4
Suppose -279*g + a - 104152 = -284*g, -5*g + 5*a = -104170. What is the hundreds digit of g?
8
Let s be 2/((-6)/4 - -2). Suppose -s*h + 2224 = -3*o, 9*o - 8*o = 5*h - 2780. What is the tens digit of h?
5
Let f(s) = -4*s + 68. Let c be f(18). What is the units digit of 1624/(-290)*((-510)/c)/(-1)?
4
Suppose -11*s + 15*s - 75460 = 2*r, 3*s - r - 56591 = 0. What is the tens digit of s?
6
Suppose -3*y = -7*y - 12*y + 372688. What is the ten thousands digit of y?
2
Let w(u) = 102*u**2 - 129*u - 73. What is the ten thousands digit of w(13)?
1
Let b(q) = 5*q**2 - 7*q - 3. Let c be b(-1). Let m(h) = 2*h**3 + h**2 - 6*h + 60. What is the units digit of m(c)?
5
Let b be 25/(58/12 - 5). Let g = 370 + b. What is the hundreds digit of g?
2
Let s(z) = 8*z**2 + 3*z + 7. Let g be s(-5). Let d = -143 + g. What is the units digit of d?
9
Let f be (2 + 77)/(1*(-4 + 5)). Suppose -c = f - 222. Let k = -106 + c. What is the tens digit of k?
3
Let h be ((-2528)/(-64))/(((-10)/(-44))/(-5)). Let w = h - -1452. What is the hundreds digit of w?
5
Let b = 16 + 35. Let q be ((-8)/3)/((-17)/b). What is the hundreds digit of q/28 - (-3 - (-2031)/(-21))?
1
Suppose 177*b + 2 = 179*b. What is the hundreds digit of (b + 5/20)*-4 - -142?
1
Let u(h) = 12*h - 40. Let o be u(2). What is the tens digit of o/40*-745*5?
9
What is the ten thousands digit of 8 + (3 - 0 - 8) + (57533 - 12)?
5
Let j(q) = -q**3 + 2*q**2 - 2*q - 957. Let l be j(0). Let r = l + 1691. What is the tens digit of r?
3
Let l = -40 - -49. Suppose 15 = 2*u + l. Suppose 0 = u*r - 3*p - 426, 2*r + p - 146 = r. What is the units digit of r?
4
Let t(n) = -5*n - 34. Let c be t(-8). Suppose -c*o = -1350 + 390. Suppose 5*u - 215 = o. What is the tens digit of u?
7
Suppose -32*q + 19*q = -2184. Let a = -85 + q. What is the tens digit of a?
8
Suppose i - 158 = 2*c, -3*c - 221 = 5*i + 42. Let g = c + 82. What is the units digit of (g + (-1 - -1))/(6 + -5)?
1
Suppose -59*f + 16890 = -58*f - 2*g, 4*g - 33804 = -2*f. What is the thousands digit of f?
6
Suppose -1786 - 1800 = -d + 3*l, 7187 = 2*d - l. What is the hundreds digit of d?
5
Let n = 91 - -183. Suppose 266*k + 2880 = n*k. What is the hundreds digit of k?
3
Suppose j + f - 69795 = 0, 30*j = 26*j + 5*f + 279171. What is the ten thousands digit of j?
6
Let c = -50 - -152. Suppose 0 = -5*y + 617 + 298. Suppose -c = 3*u - y. What is the tens digit of u?
2
Let z be 3/4 - (-7848608)/128. Suppose -z = -11*x - 32*x. What is the tens digit of x?
2
Let n(x) = x - 18. Let k(o) = -3*o + 54. Let i(h) = 2*k(h) + 7*n(h). Let f be i(18). What is the hundreds digit of f/9 - 67*-2?
1
Suppose 0 = 5*h + 12*h - 34. Suppose 0 = -2*r + 4*v + 306, -5*v - 464 = -r - h*r. What is the tens digit of r?
6
What is the thousands digit of 9 + 8841 + 12/(-1 - 1)?
8
Let j = 10044 - -10627. What is the tens digit of j?
7
Suppose 8*z = 17 + 23. Suppose -3 = -z*q + 12, q - 48 = -5*b. Suppose 720 - 126 = b*c. What is the tens digit of c?
6
What is the tens digit of (-115 - 1)*(-88884)/216?
3
Let m(a) = -3*a + 3. Let d(k) be the third derivative of k**6/24 + 5*k**4/24 + 2*k**3/3 - 26*k**2. Let v be d(-1). What is the tens digit of m(v)?
2
Suppose 0 = -4*z + 5*q + 19521, -3*z + 15916 - 1270 = -2*q. What is the units digit of z?
4
Let k(d) = d**2 + 7*d - 9. Let u be k(-9). Suppose 2*h - u = l - 2*h, 2*h = l + 3. Suppose -l*w = -4*b + 3*b - 215, 70 = w - 2*b. What is the units digit of w?
2
Suppose -9 - 7 = -8*w. Suppose -5*x = -0*x + w*j - 742, x - 2*j = 158. What is the hundreds digit of x?
1
Let j = -912 - -1628. What is the tens digit of j?
1
Suppose 5*p = 5*b - 6 - 4, 0 = -5*b + 10. Suppose p = -2*m + 110 + 58. Suppose -3*h + 112 = -5*t, 2*h = t - 0*t + m. What is the units digit of h?
4
Suppose -3*c - 5*n + 12 = -n, 5*c = 2*n + 20. Suppose -c*g + 5856 = -0*g. What is the tens digit of g/16 + (-1)/2?
9
Let o = -7245 - -9528. What is the thousands digit of o?
2
Suppose -s + 12814 = 2*x - 30307, 0 = -2*x + 3*s + 43117. What is the hundreds digit of x?
5
Let x(u) = 162*u**3 - 3*u**2 - 25*u + 69. What is the hundreds digit of x(4)?
2
Let w = 46086 - 5230. What is the tens digit of w?
5
Let j(f) = f**2 - 2*f - 3. Let k be j(-1). Suppose k = -n + 3*p + 278, -2*n = 5*p + 250 - 784. What is the tens digit of n?
7
Let l(s) = s**3 + 2*s**2 - 12*s + 9. Let q be l(-6). Let n be (q/(-4))/((-24)/(-64)). Let w = n - 28. What is the tens digit of w?
1
Suppose -9*q + 14*q - 80 = 0. Suppose q*a - 12*a = 1988. What is the hundreds digit of a?
4
Let t(u) = -2*u**2 - 26*u + 13. Let l be t(-11). Suppose -5 = k - l. Suppose -k - 548 = -4*v. What is the units digit of v?
0
Let v be (36/(-45))/((12/(-4))/3135). Let n = v - 389. What is the hundreds digit of n?
4
Let m(c) = 2*c**3 + 2*c**2 + c. Let f be m(-1). Let j be 1/(-1) - (5 + (f - 3)). What is the units digit of (j + 2 + -2)*-3?
6
Suppose 2*x - 585 = -3*r, 0*x - 15 = 5*x. Let f = r + -177. What is the units digit of f?
0
Let m(z) = 35*z**2 - 3*z - 148. What is the units digit of m(-11)?
0
Let f = -68 + 71. Suppose d = -4*d - 5*c + 3995, -5*d = f*c - 3985. What is the hundreds digit of d?
7
Let q(h) = h**3 + 5*h**2 + 2*h + 17. Let j be q(-4). What is the tens digit of 2190/(-12)*(-20)/j?
4
Let v = -278 + 279. Let i(o) = 126*o + 3. What is the tens digit of i(v)?
2
What is the hundreds digit of (-10)/1 + 44052 + 48/(-4)?
0
Suppose 0 = -4*y + 15*y. Suppose -5*o + 7*s + 1731 = 4*s, s + 2 = y. What is the tens digit of o?
4
Let j(y) be the third derivative of 3*y**5/20 - 2*y**4/3 + 6*y**3 - 30*y**2. What is the tens digit of j(6)?
6
Let n = -11717 - -44519. What is the tens digit of n?
0
Suppose -8*f - 82623 + 676183 = 0. What is the hundreds digit of f/76 + (-1)/4?
9
Suppose -z + 4*c + 10304 = 0, -82*c = 3*z - 77*c - 30946. What is the hundreds digit of z?
3
Let j(q) = -8*q**3 - 96*q**2 + 44*q + 173. What is the hundreds digit of j(-21)?
0
Let m be (-126)/(-35)*(-195)/(-2). Suppose 0 = -f - 3*w + m, -3*w + 137 = 2*f - 571. What is the hundreds digit of f?
3
Suppose 13*p - 64 = 53. Suppose c - 46 = -5*f, 5*f - 54 = -p*c + 10*c. What is the tens digit of f?
1
Suppose -9*o + 56 = -13*o. Let q(l) = -l**3 - 15*l**2 - 12*l + 30. Let k be q(o). Suppose -m + 81 = a, k*m - 174 = -a - 11. What is the tens digit of m?
8
Let x(i) = 3*i**2 + 36*i - 34. Let k be x(-13). Suppose -k*q - 3122 = -2*t, 437 + 1117 = t + q. What is the units digit of t?
6
Suppose 39169 + 194263 + 25174 = 27*l. What is the thousands digit of l?
9
Suppose -193*w + 331062 =